{"id":1072,"date":"2020-06-26T17:00:00","date_gmt":"2020-06-26T15:00:00","guid":{"rendered":"http:\/\/domaineroustan.fr\/?page_id=1072"},"modified":"2020-12-17T18:31:32","modified_gmt":"2020-12-17T17:31:32","slug":"vins","status":"publish","type":"page","link":"https:\/\/domaineroustan.fr\/index.php\/vins\/","title":{"rendered":"Vins"},"content":{"rendered":"<div class=\"wpb-content-wrapper\">[vc_row][vc_column][vc_empty_space height=\u00a0\u00bb99px\u00a0\u00bb][vc_column_text]<\/p>\n<p><\/p>\n\n\n<div class=\"wp-block-image\"><figure class=\"aligncenter\"><img loading=\"lazy\" decoding=\"async\" width=\"1024\" height=\"768\" src=\"http:\/\/domaineroustan.fr\/wp-content\/uploads\/2020\/12\/125563466_1053354045104035_3825468005524406616_o-1-1024x768.jpg\" alt=\"\" class=\"wp-image-1104\" srcset=\"https:\/\/domaineroustan.fr\/wp-content\/uploads\/2020\/12\/125563466_1053354045104035_3825468005524406616_o-1-1024x768.jpg 1024w, https:\/\/domaineroustan.fr\/wp-content\/uploads\/2020\/12\/125563466_1053354045104035_3825468005524406616_o-1-300x225.jpg 300w, https:\/\/domaineroustan.fr\/wp-content\/uploads\/2020\/12\/125563466_1053354045104035_3825468005524406616_o-1-768x576.jpg 768w, https:\/\/domaineroustan.fr\/wp-content\/uploads\/2020\/12\/125563466_1053354045104035_3825468005524406616_o-1-1536x1152.jpg 1536w, https:\/\/domaineroustan.fr\/wp-content\/uploads\/2020\/12\/125563466_1053354045104035_3825468005524406616_o-1-600x450.jpg 600w, https:\/\/domaineroustan.fr\/wp-content\/uploads\/2020\/12\/125563466_1053354045104035_3825468005524406616_o-1.jpg 2048w\" sizes=\"(max-width: 1024px) 100vw, 1024px\" \/><\/figure><\/div>\n\n\n<p><\/p>\n<p>[\/vc_column_text][\/vc_column][\/vc_row][vc_row][vc_column][vc_empty_space][\/vc_column][\/vc_row][vc_row][vc_column width=\u00a0\u00bb1\/3&Prime;][vc_column_text]<\/p>\n<h4 style=\"text-align: center;\">Ros\u00e9 \u00ab\u00a0Le Pitchounet\u00a0\u00bb<\/h4>\n<p>[\/vc_column_text][vc_empty_space][vc_column_text]<\/p>\n<h3 style=\"text-align: center;\"><em>Viticulture :<\/em><\/h3>\n<p>[\/vc_column_text][vc_column_text]<\/p>\n<h6 style=\"text-align: center;\">Plantation en 1998<\/h6>\n<p>[\/vc_column_text][vc_empty_space][vc_column_text]<\/p>\n<h3 style=\"text-align: center;\"><em>Classification :<\/em><\/h3>\n<p>[\/vc_column_text][vc_column_text]<\/p>\n<h6 style=\"text-align: center;\">En 3\u00e8me ann\u00e9e de conversion vers l&rsquo;agriculture biologique<br>certifi\u00e9 par \u00c9cocert FR-BIO-01<\/h6>\n<p>[\/vc_column_text][vc_empty_space][vc_column_text]<\/p>\n<h3 style=\"text-align: center;\"><em>Vinification :<\/em><\/h3>\n<p>[\/vc_column_text][vc_column_text]<\/p>\n<h6 style=\"text-align: center;\">Vinifi\u00e9 en cuve inox thermo-r\u00e9gul\u00e9e<\/h6>\n<p>[\/vc_column_text][vc_empty_space][vc_column_text]<\/p>\n<h3 style=\"text-align: center;\"><em>D\u00e9gustation :<\/em><\/h3>\n<p>[\/vc_column_text][vc_column_text]<\/p>\n<h6 style=\"text-align: center;\">Vif et fruit\u00e9, ce vin d\u00e9gage des ar\u00f4mes gourmands de fruits rouges acidul\u00e9s tels que la framboise et la fraise.<br>Des notes d&rsquo;agrumes apportent une agr\u00e9able fra\u00eecheur en fin de bouche.<\/h6>\n<p>[\/vc_column_text][vc_empty_space][vc_column_text]<\/p>\n<h3 style=\"text-align: center;\"><em>Accord mets vin :<\/em><\/h3>\n<p>[\/vc_column_text][vc_column_text]<\/p>\n<h6 style=\"text-align: center;\">Ap\u00e9ritif, gambas grill\u00e9es, poulet r\u00f4ti et ratatouille, tajine aux \u00e9pices&#8230;<\/h6>\n<p>[\/vc_column_text][vc_empty_space][vc_column_text]<\/p>\n<h3 style=\"text-align: center;\"><em>Garde :<\/em><\/h3>\n<p>[\/vc_column_text][vc_column_text]<\/p>\n<h6 style=\"text-align: center;\">1 an<\/h6>\n<p>[\/vc_column_text][\/vc_column][vc_column width=\u00a0\u00bb1\/3&Prime;][vc_column_text]<\/p>\n<h4 style=\"text-align: center;\">Blanc \u00ab\u00a0Les Poules Rieuses\u00a0\u00bb<\/h4>\n<p>[\/vc_column_text][vc_empty_space][vc_column_text]<\/p>\n<h3 style=\"text-align: center;\"><em>Viticulture :<\/em><\/h3>\n<p>\n[\/vc_column_text][vc_column_text]<\/p>\n<h6 style=\"text-align: center;\">Plantation en 2010<\/h6>\n<p>[\/vc_column_text][vc_empty_space][vc_column_text]<\/p>\n<h3 style=\"text-align: center;\"><em>Classification :<\/em><\/h3>\n<p>[\/vc_column_text][vc_column_text]<\/p>\n<h6 style=\"text-align: center;\">En 3\u00e8me ann\u00e9e de conversion vers l&rsquo;agriculture biologique<br>certifi\u00e9 par \u00c9cocert FR-BIO-01<\/h6>\n<p>[\/vc_column_text][vc_empty_space][vc_column_text]<\/p>\n<h3 style=\"text-align: center;\"><em>\u00c9levage :<\/em><\/h3>\n<p>[\/vc_column_text][vc_column_text]<\/p>\n<h6 style=\"text-align: center;\">7 mois en f\u00fbt de ch\u00eane<\/h6>\n<p>[\/vc_column_text][vc_empty_space][vc_column_text]<\/p>\n<h3 style=\"text-align: center;\">D\u00e9gustation :<\/h3>\n<p>[\/vc_column_text][vc_column_text]<\/p>\n<h6 style=\"text-align: center;\">Aromatique et vif, ce vin d\u00e9gage de subtiles notes de fruits \u00e0 chair blanche, d p\u00eache et d&rsquo;abricot.<br>Des ar\u00f4mes citronn\u00e9s apportent du \u00ab\u00a0peps\u00a0\u00bb en fin de bouche.<\/h6>\n<p>[\/vc_column_text][vc_empty_space][vc_column_text]<\/p>\n<h3 style=\"text-align: center;\"><em>Accord mets vin :<\/em><\/h3>\n<p>[\/vc_column_text][vc_column_text]<\/p>\n<h6 style=\"text-align: center;\">Soupions en persillade, ceviche de daurade aux agrumes et \u00e9pices, plateau de fruits de mer<\/h6>\n<p>[\/vc_column_text][vc_empty_space][vc_column_text]<\/p>\n<h3 style=\"text-align: center;\"><em>Garde :<\/em><\/h3>\n<p>[\/vc_column_text][vc_column_text]<\/p>\n<h6 style=\"text-align: center;\">2 ans et +<\/h6>\n<p>[\/vc_column_text][vc_empty_space][vc_column_text]<\/p>\n<h3 style=\"text-align: center;\"><em>C\u00e9pages :<\/em><\/h3>\n<p>[\/vc_column_text][vc_column_text]<\/p>\n<h6 style=\"text-align: center;\">Sauvignon et Vermentino<\/h6>\n<p>[\/vc_column_text][vc_empty_space height=\u00a0\u00bb60px\u00a0\u00bb][\/vc_column][vc_column width=\u00a0\u00bb1\/3&Prime;][vc_column_text]<\/p>\n<h4 style=\"text-align: center;\">Rouge \u00ab\u00a0Les Camarades\u00a0\u00bb<\/h4>\n<p>[\/vc_column_text][vc_empty_space][vc_column_text]<\/p>\n<h3 style=\"text-align: center;\"><em>Viticulture :<\/em><\/h3>\n<p>[\/vc_column_text][vc_column_text]<\/p>\n<h6 style=\"text-align: center;\">Plantation dans les ann\u00e9es 90<\/h6>\n<p>[\/vc_column_text][vc_empty_space][vc_column_text]<\/p>\n<h3 style=\"text-align: center;\"><em>Classification :<\/em><\/h3>\n<p>[\/vc_column_text][vc_column_text]<\/p>\n<h6 style=\"text-align: center;\">En 3\u00e8me ann\u00e9e de conversion vers l&rsquo;agriculture biologique<br>certifi\u00e9 par \u00c9cocert FR-BIO-01<\/h6>\n<p>[\/vc_column_text][vc_empty_space][vc_column_text]<\/p>\n<h3 style=\"text-align: center;\"><em>\u00c9levage :<\/em><\/h3>\n<p>[\/vc_column_text][vc_column_text]<\/p>\n<h6 style=\"text-align: center;\">12 mois en f\u00fbt de ch\u00eane<\/h6>\n<p>[\/vc_column_text][vc_empty_space][vc_column_text]<\/p>\n<h3 style=\"text-align: center;\">D\u00e9gustation :<\/h3>\n<p>[\/vc_column_text][vc_column_text]<\/p>\n<h6 style=\"text-align: center;\">Cette cuv\u00e9e se caract\u00e9rise par une robe rouge grenat profonde.<br>Le nez est fin et d\u00e9licat sur des notes de petits fruits noirs et d\u2019\u00e9pices. L\u2019attaque en bouche est souple et les tanins sont fondus. Une belle puissance en fin de bouche.<\/h6>\n<p>[\/vc_column_text][vc_empty_space][vc_column_text]<\/p>\n<h3 style=\"text-align: center;\"><em>Accord mets vin :<\/em><\/h3>\n<p>[\/vc_column_text][vc_column_text]<\/p>\n<h6 style=\"text-align: center;\">Farcies proven\u00e7aux, r\u00f4ti de veau aux girolles, c\u00f4telettes d\u2019agneau au thym\u2026<\/h6>\n<p>[\/vc_column_text][vc_empty_space][vc_column_text]<\/p>\n<h3 style=\"text-align: center;\"><em>Garde :<\/em><\/h3>\n<p>[\/vc_column_text][vc_column_text]<\/p>\n<h6 style=\"text-align: center;\">3 ans et +<\/h6>\n<p>[\/vc_column_text][\/vc_column][\/vc_row][vc_row][vc_column][\/vc_column][\/vc_row][vc_row][vc_column][vc_column_text]<\/p>\n\n\n<div class=\"wp-block-image\"><figure class=\"aligncenter size-large\"><img loading=\"lazy\" decoding=\"async\" width=\"720\" height=\"960\" src=\"http:\/\/domaineroustan.fr\/wp-content\/uploads\/2020\/12\/131673825_895153531023734_1427352093318445462_n-2.jpg\" alt=\"\" class=\"wp-image-1114\" srcset=\"https:\/\/domaineroustan.fr\/wp-content\/uploads\/2020\/12\/131673825_895153531023734_1427352093318445462_n-2.jpg 720w, https:\/\/domaineroustan.fr\/wp-content\/uploads\/2020\/12\/131673825_895153531023734_1427352093318445462_n-2-225x300.jpg 225w, https:\/\/domaineroustan.fr\/wp-content\/uploads\/2020\/12\/131673825_895153531023734_1427352093318445462_n-2-600x800.jpg 600w\" sizes=\"(max-width: 720px) 100vw, 720px\" \/><\/figure><\/div>\n\n\n<p>[\/vc_column_text][vc_empty_space][vc_column_text]<\/p>\n<h4 style=\"text-align: center;\">Blanc \u00ab\u00a0Coquin de Sort\u00a0\u00bb<\/h4>\n<p>\n[\/vc_column_text][vc_empty_space][vc_column_text]<\/p>\n<h3 style=\"text-align: center;\"><em>Appellation :<\/em><\/h3>\n<p>\n[\/vc_column_text][vc_column_text]<\/p>\n<h6 style=\"text-align: center;\">Coteaux d\u2019Aix-en-Provence<\/h6>\n<p>\n[\/vc_column_text][vc_empty_space][vc_column_text]<\/p>\n<h3 style=\"text-align: center;\"><em>Classification :<\/em><\/h3>\n<p>\n[\/vc_column_text][vc_column_text]<\/p>\n<h6 style=\"text-align: center;\">En agriculture biologique, certifi\u00e9 par Ecocert FR-BIO-01<\/h6>\n<p>\n[\/vc_column_text][vc_empty_space][vc_column_text]<\/p>\n<h3 style=\"text-align: center;\"><em>Vinification :<\/em><\/h3>\n<p>\n[\/vc_column_text][vc_column_text]<\/p>\n<h6 style=\"text-align: center;\">Les raisins sont foul\u00e9s et \u00e9rafl\u00e9s.<br>\nL\u00e9g\u00e8re mac\u00e9ration pelliculaire, fermentation en cuves inox thermo r\u00e9gul\u00e9es.<\/h6>\n<p>\n[\/vc_column_text][vc_empty_space][vc_column_text]<\/p>\n<h3 style=\"text-align: center;\"><em>D\u00e9gustation :<\/em><\/h3>\n<p>\n[\/vc_column_text][vc_column_text]<\/p>\n<h6 style=\"text-align: center;\">Aromatique et vif, ce vin d\u00e9gage de subtiles notes de miel et de fleurs blanches.<br>\nDes ar\u00f4mes de poire fraiche et de tilleul.<\/h6>\n<p>\n[\/vc_column_text][vc_empty_space][vc_column_text]<\/p>\n<h3 style=\"text-align: center;\"><em>Accord mets vin :<\/em><\/h3>\n<p>\n[\/vc_column_text][vc_column_text]<\/p>\n<h6 style=\"text-align: center;\">Ce vin joyeux et sec accompagnera vos ap\u00e9ritifs,<br>\n fromages, poissons, coquillages et crustac\u00e9s.<\/h6>\n<p>\n[\/vc_column_text][vc_empty_space][vc_column_text]<\/p>\n<h3 style=\"text-align: center;\"><em>Garde :<\/em><\/h3>\n<p>\n[\/vc_column_text][vc_column_text]<\/p>\n<h6 style=\"text-align: center;\">2 ans et +<\/h6>\n<p>\n[\/vc_column_text][vc_empty_space][vc_column_text]<\/p>\n<h3 style=\"text-align: center;\"><em>C\u00e9pages :<\/em><\/h3>\n<p>[\/vc_column_text][vc_column_text]<\/p>\n<h6 style=\"text-align: center;\">Sauvignon et Vermentino<\/h6>\n<p>[\/vc_column_text][vc_empty_space height=\u00a0\u00bb99px\u00a0\u00bb][\/vc_column][\/vc_row]<\/div>","protected":false},"excerpt":{"rendered":"[vc_row][vc_column][vc_empty_space height=\u00a0\u00bb99px\u00a0\u00bb][vc_column_text] [\/vc_column_text][\/vc_column][\/vc_row][vc_row][vc_column][vc_empty_space][\/vc_column][\/vc_row][vc_row][vc_column width=\u00a0\u00bb1\/3&Prime;][vc_column_text] Ros\u00e9 \u00ab\u00a0Le Pitchounet\u00a0\u00bb [\/vc_column_text][vc_empty_space][vc_column_text] Viticulture : [\/vc_column_text][vc_column_text] Plantation en 1998 [\/vc_column_text][vc_empty_space][vc_column_text] Classification : [\/vc_column_text][vc_column_text] En 3\u00e8me ann\u00e9e de conversion vers l&rsquo;agriculture biologiquecertifi\u00e9 par \u00c9cocert FR-BIO-01 [\/vc_column_text][vc_empty_space][vc_column_text] Vinification : [\/vc_column_text][vc_column_text] Vinifi\u00e9 en cuve inox thermo-r\u00e9gul\u00e9e [\/vc_column_text][vc_empty_space][vc_column_text] D\u00e9gustation : [\/vc_column_text][vc_column_text] Vif et fruit\u00e9, ce vin d\u00e9gage des ar\u00f4mes gourmands de fruits rouges acidul\u00e9s [&hellip;]","protected":false},"author":1,"featured_media":0,"parent":0,"menu_order":0,"comment_status":"closed","ping_status":"closed","template":"custom-page.php","meta":{"_et_pb_use_builder":"","_et_pb_old_content":"","_et_gb_content_width":"","_exactmetrics_skip_tracking":false,"_exactmetrics_sitenote_active":false,"_exactmetrics_sitenote_note":"","_exactmetrics_sitenote_category":0,"footnotes":""},"class_list":["post-1072","page","type-page","status-publish","hentry"],"_links":{"self":[{"href":"https:\/\/domaineroustan.fr\/index.php\/wp-json\/wp\/v2\/pages\/1072","targetHints":{"allow":["GET"]}}],"collection":[{"href":"https:\/\/domaineroustan.fr\/index.php\/wp-json\/wp\/v2\/pages"}],"about":[{"href":"https:\/\/domaineroustan.fr\/index.php\/wp-json\/wp\/v2\/types\/page"}],"author":[{"embeddable":true,"href":"https:\/\/domaineroustan.fr\/index.php\/wp-json\/wp\/v2\/users\/1"}],"replies":[{"embeddable":true,"href":"https:\/\/domaineroustan.fr\/index.php\/wp-json\/wp\/v2\/comments?post=1072"}],"version-history":[{"count":31,"href":"https:\/\/domaineroustan.fr\/index.php\/wp-json\/wp\/v2\/pages\/1072\/revisions"}],"predecessor-version":[{"id":1124,"href":"https:\/\/domaineroustan.fr\/index.php\/wp-json\/wp\/v2\/pages\/1072\/revisions\/1124"}],"wp:attachment":[{"href":"https:\/\/domaineroustan.fr\/index.php\/wp-json\/wp\/v2\/media?parent=1072"}],"curies":[{"name":"wp","href":"https:\/\/api.w.org\/{rel}","templated":true}]}}

<div class="wpb-content-wrapper">[vc_row][vc_column][vc_empty_space height= »99px »][vc_column_text]</p>
<p></p>


<div class="wp-block-image"><figure class="aligncenter"><img loading="lazy" decoding="async" width="1024" height="768" src="http://domaineroustan.fr/wp-content/uploads/2020/12/125563466_1053354045104035_3825468005524406616_o-1-1024x768.jpg" alt="" class="wp-image-1104" srcset="https://domaineroustan.fr/wp-content/uploads/2020/12/125563466_1053354045104035_3825468005524406616_o-1-1024x768.jpg 1024w, https://domaineroustan.fr/wp-content/uploads/2020/12/125563466_1053354045104035_3825468005524406616_o-1-300x225.jpg 300w, https://domaineroustan.fr/wp-content/uploads/2020/12/125563466_1053354045104035_3825468005524406616_o-1-768x576.jpg 768w, https://domaineroustan.fr/wp-content/uploads/2020/12/125563466_1053354045104035_3825468005524406616_o-1-1536x1152.jpg 1536w, https://domaineroustan.fr/wp-content/uploads/2020/12/125563466_1053354045104035_3825468005524406616_o-1-600x450.jpg 600w, https://domaineroustan.fr/wp-content/uploads/2020/12/125563466_1053354045104035_3825468005524406616_o-1.jpg 2048w" sizes="(max-width: 1024px) 100vw, 1024px" /></figure></div>


<p></p>
<p>[/vc_column_text][/vc_column][/vc_row][vc_row][vc_column][vc_empty_space][/vc_column][/vc_row][vc_row][vc_column width= »1/3&Prime;][vc_column_text]</p>
<h4 style="text-align: center;">Rosé « Le Pitchounet »</h4>
<p>[/vc_column_text][vc_empty_space][vc_column_text]</p>
<h3 style="text-align: center;"><em>Viticulture :</em></h3>
<p>[/vc_column_text][vc_column_text]</p>
<h6 style="text-align: center;">Plantation en 1998</h6>
<p>[/vc_column_text][vc_empty_space][vc_column_text]</p>
<h3 style="text-align: center;"><em>Classification :</em></h3>
<p>[/vc_column_text][vc_column_text]</p>
<h6 style="text-align: center;">En 3ème année de conversion vers l&rsquo;agriculture biologique<br>certifié par Écocert FR-BIO-01</h6>
<p>[/vc_column_text][vc_empty_space][vc_column_text]</p>
<h3 style="text-align: center;"><em>Vinification :</em></h3>
<p>[/vc_column_text][vc_column_text]</p>
<h6 style="text-align: center;">Vinifié en cuve inox thermo-régulée</h6>
<p>[/vc_column_text][vc_empty_space][vc_column_text]</p>
<h3 style="text-align: center;"><em>Dégustation :</em></h3>
<p>[/vc_column_text][vc_column_text]</p>
<h6 style="text-align: center;">Vif et fruité, ce vin dégage des arômes gourmands de fruits rouges acidulés tels que la framboise et la fraise.<br>Des notes d&rsquo;agrumes apportent une agréable fraîcheur en fin de bouche.</h6>
<p>[/vc_column_text][vc_empty_space][vc_column_text]</p>
<h3 style="text-align: center;"><em>Accord mets vin :</em></h3>
<p>[/vc_column_text][vc_column_text]</p>
<h6 style="text-align: center;">Apéritif, gambas grillées, poulet rôti et ratatouille, tajine aux épices&#8230;</h6>
<p>[/vc_column_text][vc_empty_space][vc_column_text]</p>
<h3 style="text-align: center;"><em>Garde :</em></h3>
<p>[/vc_column_text][vc_column_text]</p>
<h6 style="text-align: center;">1 an</h6>
<p>[/vc_column_text][/vc_column][vc_column width= »1/3&Prime;][vc_column_text]</p>
<h4 style="text-align: center;">Blanc « Les Poules Rieuses »</h4>
<p>[/vc_column_text][vc_empty_space][vc_column_text]</p>
<h3 style="text-align: center;"><em>Viticulture :</em></h3>
<p>
[/vc_column_text][vc_column_text]</p>
<h6 style="text-align: center;">Plantation en 2010</h6>
<p>[/vc_column_text][vc_empty_space][vc_column_text]</p>
<h3 style="text-align: center;"><em>Classification :</em></h3>
<p>[/vc_column_text][vc_column_text]</p>
<h6 style="text-align: center;">En 3ème année de conversion vers l&rsquo;agriculture biologique<br>certifié par Écocert FR-BIO-01</h6>
<p>[/vc_column_text][vc_empty_space][vc_column_text]</p>
<h3 style="text-align: center;"><em>Élevage :</em></h3>
<p>[/vc_column_text][vc_column_text]</p>
<h6 style="text-align: center;">7 mois en fût de chêne</h6>
<p>[/vc_column_text][vc_empty_space][vc_column_text]</p>
<h3 style="text-align: center;">Dégustation :</h3>
<p>[/vc_column_text][vc_column_text]</p>
<h6 style="text-align: center;">Aromatique et vif, ce vin dégage de subtiles notes de fruits à chair blanche, d pêche et d&rsquo;abricot.<br>Des arômes citronnés apportent du « peps » en fin de bouche.</h6>
<p>[/vc_column_text][vc_empty_space][vc_column_text]</p>
<h3 style="text-align: center;"><em>Accord mets vin :</em></h3>
<p>[/vc_column_text][vc_column_text]</p>
<h6 style="text-align: center;">Soupions en persillade, ceviche de daurade aux agrumes et épices, plateau de fruits de mer</h6>
<p>[/vc_column_text][vc_empty_space][vc_column_text]</p>
<h3 style="text-align: center;"><em>Garde :</em></h3>
<p>[/vc_column_text][vc_column_text]</p>
<h6 style="text-align: center;">2 ans et +</h6>
<p>[/vc_column_text][vc_empty_space][vc_column_text]</p>
<h3 style="text-align: center;"><em>Cépages :</em></h3>
<p>[/vc_column_text][vc_column_text]</p>
<h6 style="text-align: center;">Sauvignon et Vermentino</h6>
<p>[/vc_column_text][vc_empty_space height= »60px »][/vc_column][vc_column width= »1/3&Prime;][vc_column_text]</p>
<h4 style="text-align: center;">Rouge « Les Camarades »</h4>
<p>[/vc_column_text][vc_empty_space][vc_column_text]</p>
<h3 style="text-align: center;"><em>Viticulture :</em></h3>
<p>[/vc_column_text][vc_column_text]</p>
<h6 style="text-align: center;">Plantation dans les années 90</h6>
<p>[/vc_column_text][vc_empty_space][vc_column_text]</p>
<h3 style="text-align: center;"><em>Classification :</em></h3>
<p>[/vc_column_text][vc_column_text]</p>
<h6 style="text-align: center;">En 3ème année de conversion vers l&rsquo;agriculture biologique<br>certifié par Écocert FR-BIO-01</h6>
<p>[/vc_column_text][vc_empty_space][vc_column_text]</p>
<h3 style="text-align: center;"><em>Élevage :</em></h3>
<p>[/vc_column_text][vc_column_text]</p>
<h6 style="text-align: center;">12 mois en fût de chêne</h6>
<p>[/vc_column_text][vc_empty_space][vc_column_text]</p>
<h3 style="text-align: center;">Dégustation :</h3>
<p>[/vc_column_text][vc_column_text]</p>
<h6 style="text-align: center;">Cette cuvée se caractérise par une robe rouge grenat profonde.<br>Le nez est fin et délicat sur des notes de petits fruits noirs et d’épices. L’attaque en bouche est souple et les tanins sont fondus. Une belle puissance en fin de bouche.</h6>
<p>[/vc_column_text][vc_empty_space][vc_column_text]</p>
<h3 style="text-align: center;"><em>Accord mets vin :</em></h3>
<p>[/vc_column_text][vc_column_text]</p>
<h6 style="text-align: center;">Farcies provençaux, rôti de veau aux girolles, côtelettes d’agneau au thym…</h6>
<p>[/vc_column_text][vc_empty_space][vc_column_text]</p>
<h3 style="text-align: center;"><em>Garde :</em></h3>
<p>[/vc_column_text][vc_column_text]</p>
<h6 style="text-align: center;">3 ans et +</h6>
<p>[/vc_column_text][/vc_column][/vc_row][vc_row][vc_column][/vc_column][/vc_row][vc_row][vc_column][vc_column_text]</p>


<div class="wp-block-image"><figure class="aligncenter size-large"><img loading="lazy" decoding="async" width="720" height="960" src="http://domaineroustan.fr/wp-content/uploads/2020/12/131673825_895153531023734_1427352093318445462_n-2.jpg" alt="" class="wp-image-1114" srcset="https://domaineroustan.fr/wp-content/uploads/2020/12/131673825_895153531023734_1427352093318445462_n-2.jpg 720w, https://domaineroustan.fr/wp-content/uploads/2020/12/131673825_895153531023734_1427352093318445462_n-2-225x300.jpg 225w, https://domaineroustan.fr/wp-content/uploads/2020/12/131673825_895153531023734_1427352093318445462_n-2-600x800.jpg 600w" sizes="(max-width: 720px) 100vw, 720px" /></figure></div>


<p>[/vc_column_text][vc_empty_space][vc_column_text]</p>
<h4 style="text-align: center;">Blanc « Coquin de Sort »</h4>
<p>
[/vc_column_text][vc_empty_space][vc_column_text]</p>
<h3 style="text-align: center;"><em>Appellation :</em></h3>
<p>
[/vc_column_text][vc_column_text]</p>
<h6 style="text-align: center;">Coteaux d’Aix-en-Provence</h6>
<p>
[/vc_column_text][vc_empty_space][vc_column_text]</p>
<h3 style="text-align: center;"><em>Classification :</em></h3>
<p>
[/vc_column_text][vc_column_text]</p>
<h6 style="text-align: center;">En agriculture biologique, certifié par Ecocert FR-BIO-01</h6>
<p>
[/vc_column_text][vc_empty_space][vc_column_text]</p>
<h3 style="text-align: center;"><em>Vinification :</em></h3>
<p>
[/vc_column_text][vc_column_text]</p>
<h6 style="text-align: center;">Les raisins sont foulés et éraflés.<br>
Légère macération pelliculaire, fermentation en cuves inox thermo régulées.</h6>
<p>
[/vc_column_text][vc_empty_space][vc_column_text]</p>
<h3 style="text-align: center;"><em>Dégustation :</em></h3>
<p>
[/vc_column_text][vc_column_text]</p>
<h6 style="text-align: center;">Aromatique et vif, ce vin dégage de subtiles notes de miel et de fleurs blanches.<br>
Des arômes de poire fraiche et de tilleul.</h6>
<p>
[/vc_column_text][vc_empty_space][vc_column_text]</p>
<h3 style="text-align: center;"><em>Accord mets vin :</em></h3>
<p>
[/vc_column_text][vc_column_text]</p>
<h6 style="text-align: center;">Ce vin joyeux et sec accompagnera vos apéritifs,<br>
 fromages, poissons, coquillages et crustacés.</h6>
<p>
[/vc_column_text][vc_empty_space][vc_column_text]</p>
<h3 style="text-align: center;"><em>Garde :</em></h3>
<p>
[/vc_column_text][vc_column_text]</p>
<h6 style="text-align: center;">2 ans et +</h6>
<p>
[/vc_column_text][vc_empty_space][vc_column_text]</p>
<h3 style="text-align: center;"><em>Cépages :</em></h3>
<p>[/vc_column_text][vc_column_text]</p>
<h6 style="text-align: center;">Sauvignon et Vermentino</h6>
<p>[/vc_column_text][vc_empty_space height= »99px »][/vc_column][/vc_row]</div>

[vc_row][vc_column][vc_empty_space height= »99px »][vc_column_text] [/vc_column_text][/vc_column][/vc_row][vc_row][vc_column][vc_empty_space][/vc_column][/vc_row][vc_row][vc_column width= »1/3&Prime;][vc_column_text] Rosé « Le Pitchounet » [/vc_column_text][vc_empty_space][vc_column_text] Viticulture : [/vc_column_text][vc_column_text] Plantation en 1998 [/vc_column_text][vc_empty_space][vc_column_text] Classification : [/vc_column_text][vc_column_text] En 3ème année de conversion vers l&rsquo;agriculture biologiquecertifié par Écocert FR-BIO-01 [/vc_column_text][vc_empty_space][vc_column_text] Vinification : [/vc_column_text][vc_column_text] Vinifié en cuve inox thermo-régulée [/vc_column_text][vc_empty_space][vc_column_text] Dégustation : [/vc_column_text][vc_column_text] Vif et fruité, ce vin dégage des arômes gourmands de fruits rouges acidulés [&hellip;]
