{"id":698,"date":"2018-06-09T23:43:51","date_gmt":"2018-06-09T21:43:51","guid":{"rendered":"http:\/\/domaineroustan.fr\/?page_id=698"},"modified":"2018-06-29T13:38:16","modified_gmt":"2018-06-29T11:38:16","slug":"evenements-festifs","status":"publish","type":"page","link":"https:\/\/domaineroustan.fr\/index.php\/evenements-festifs\/","title":{"rendered":"\u00c9v\u00e8nements festifs"},"content":{"rendered":"<div class=\"wpb-content-wrapper\"><p>[vc_row][vc_column][vc_tta_tabs style=\u00a0\u00bbmodern\u00a0\u00bb gap=\u00a0\u00bb10&Prime; alignment=\u00a0\u00bbcenter\u00a0\u00bb active_section=\u00a0\u00bb1&Prime;][vc_tta_section title=\u00a0\u00bbAnniversaires\u00a0\u00bb tab_id=\u00a0\u00bb1528578907635-ef44cf86-842e\u00a0\u00bb][vc_row_inner][vc_column_inner el_class=\u00a0\u00bbBapt\u00eames &amp; Communions\u00a0\u00bb width=\u00a0\u00bb1\/3&Prime;][vc_single_image image=\u00a0\u00bb736&Prime; img_size=\u00a0\u00bbfull\u00a0\u00bb][\/vc_column_inner][vc_column_inner width=\u00a0\u00bb2\/3&Prime;][vc_column_text]<strong>Vous souhaitez organiser un anniversaire \u00ab\u00a0nature\u00a0\u00bb \u00e0 votre enfant ? Nous vous proposons un go\u00fbter d\u2019anniversaire sur-mesure avec des ateliers vari\u00e9s en fonction de ses go\u00fbts, son \u00e2ge et du nombre d\u2019invit\u00e9s. <\/strong><strong>Vous voulez f\u00eater votre propre anniversaire mais vous avez envie d\u2019un peu d\u2019originalit\u00e9 ? Nous vous proposons de recevoir votre famille et vos amis pour une demi-journ\u00e9e ou une journ\u00e9e dans un cadre champ\u00eatre. En option, d\u00e9couverte de la vigne, de l&rsquo;olivier, et de la nature.<\/strong><\/p>\n<p><strong>Informations compl\u00e9mentaires :<\/strong><\/p>\n<ul>\n<li>Activit\u00e9s r\u00e9alisables sur demande<\/li>\n<li>Quatre espaces \u00e0 votre disposition : espace en plein air ou sous chapiteaux avec vue sur les vignes, terrasse \u00ab\u00a0\u00e0 l&rsquo;italienne\u00a0\u00bb du 18\u00e8me si\u00e8cle, salle de l\u2019ancien moulin \u00e0 huile<\/li>\n<li>Possibilit\u00e9 d\u2019am\u00e9nager d\u2019autres espaces en fonction de vos envies<\/li>\n<\/ul>\n<p>[\/vc_column_text][\/vc_column_inner][\/vc_row_inner][\/vc_tta_section][vc_tta_section title=\u00a0\u00bbBapt\u00eames &amp; Communions\u00a0\u00bb tab_id=\u00a0\u00bb1528578529713-897f45d9-8400&Prime;][vc_row_inner][vc_column_inner width=\u00a0\u00bb1\/3&Prime;][vc_single_image image=\u00a0\u00bb739&Prime; img_size=\u00a0\u00bbmedium\u00a0\u00bb][\/vc_column_inner][vc_column_inner width=\u00a0\u00bb2\/3&Prime;][vc_column_text]<strong>Faites le choix d\u2019un lieu de r\u00e9ception in\u00e9dit pour c\u00e9l\u00e9brer le bapt\u00eame ou la communion de votre enfant. Nous vous proposons d\u2019accueillir vos proches en toute simplicit\u00e9 dans un cadre apaisant et naturel. Entre les vignes et les oliviers, vous pourrez r\u00e9aliser vos c\u00e9l\u00e9brations quelle que soit la saison. Plusieurs options s\u2019offrent \u00e0 vous selon le nombre d&rsquo;invit\u00e9s convi\u00e9s :<\/strong><\/p>\n<ul>\n<li>Espace en plein air ou sous chapiteaux avec vue sur les vignes<\/li>\n<li>Terrasse \u00ab\u00a0\u00e0 l&rsquo;italienne\u00a0\u00bb du 18\u00e8me si\u00e8cle<\/li>\n<li>Salle de l\u2019ancien moulin \u00e0 huile<\/li>\n<\/ul>\n<p><strong>Informations pratiques :<\/strong><\/p>\n<ul>\n<li>Le Domaine est id\u00e9alement situ\u00e9, \u00e0 proximit\u00e9 de l\u2019\u00e9glise et de la mairie du village.<\/li>\n<li>Un parking priv\u00e9 \u00e0 l\u2019int\u00e9rieur du Domaine sera mis \u00e0 disposition pour les invit\u00e9s privil\u00e9gi\u00e9s.<\/li>\n<li>Un parking ext\u00e9rieur gratuit est situ\u00e9 \u00e0 5 minutes \u00e0 pied de l\u2019entr\u00e9e du Domaine.<\/li>\n<\/ul>\n<p>[\/vc_column_text][\/vc_column_inner][\/vc_row_inner][\/vc_tta_section][vc_tta_section title=\u00a0\u00bbMariages\u00a0\u00bb tab_id=\u00a0\u00bb1528908332901-a8766d99-e9c0&Prime;][vc_row_inner][vc_column_inner width=\u00a0\u00bb1\/3&Prime;][vc_single_image image=\u00a0\u00bb741&Prime; img_size=\u00a0\u00bbfull\u00a0\u00bb][\/vc_column_inner][vc_column_inner width=\u00a0\u00bb2\/3&Prime;][vc_column_text]<b>Le Domaine Roustan vous propose un accueil personnalis\u00e9 en fonction de vos besoins pour c\u00e9l\u00e9brer cet \u00e9v\u00e8nement unique dans une ambiance champ\u00eatre. Optez pour un mariage en toute intimit\u00e9 dans un lieu convivial plein de charme au c\u0153ur des vignes, dans le village proven\u00e7al de La-Fare-les-Oliviers. Pour r\u00e9aliser votre r\u00eave, le Domaine Roustan met \u00e0 votre disposition les services suivants : <\/b><\/p>\n<ul>\n<li>Acc\u00e8s \u00e0 l\u2019ensemble du Domaine, pour y \u00a0r\u00e9aliser vos plus beaux clich\u00e9s souvenirs<\/li>\n<li>Terrasse \u00ab\u00a0\u00e0 l&rsquo;italienne\u00a0\u00bb du 18\u00e8me si\u00e8cle, id\u00e9ale pour y d\u00e9guster le vin d\u2019honneur<\/li>\n<li>Espace dinatoire en plein air ou sous chapiteaux, avec vue sur les vignes<\/li>\n<li>Salle de l\u2019ancien moulin \u00e0 huile, \u00a0am\u00e9nag\u00e9e pour l\u2019occasion, pour chouchouter les enfants<\/li>\n<li>Possibilit\u00e9 de dormir sur place, en tentes ou \u00e0 la belle \u00e9toile<\/li>\n<li>Possibilit\u00e9 d\u2019am\u00e9nager d\u2019autres espaces en fonction de vos envies<\/li>\n<li>Parking priv\u00e9 \u00e0 l\u2019int\u00e9rieur du Domaine pour la voiture des mari\u00e9s et leurs invit\u00e9s privil\u00e9gi\u00e9s<\/li>\n<li>Parking invit\u00e9s \u00e0 5 minutes \u00e0 pied<\/li>\n<\/ul>\n<p>[\/vc_column_text][\/vc_column_inner][\/vc_row_inner][\/vc_tta_section][\/vc_tta_tabs][\/vc_column][\/vc_row][vc_row][vc_column][vc_empty_space height=\u00a0\u00bb20px\u00a0\u00bb][vc_separator][vc_empty_space height=\u00a0\u00bb20px\u00a0\u00bb][\/vc_column][\/vc_row][vc_row][vc_column width=\u00a0\u00bb1\/2&Prime;][vc_column_text]<\/p>\n<h4><\/h4>\n<h3 style=\"text-align: center;\">D\u00e9couvrez l&rsquo;ensemble de nos prestations&#8230;<\/h3>\n<p>[\/vc_column_text][\/vc_column][vc_column width=\u00a0\u00bb1\/6&Prime;][vc_btn title=\u00a0\u00bbParcours p\u00e9dagogiques\u00a0\u00bb style=\u00a0\u00bboutline-custom\u00a0\u00bb outline_custom_color=\u00a0\u00bb#666666&Prime; outline_custom_hover_background=\u00a0\u00bb#666666&Prime; outline_custom_hover_text=\u00a0\u00bb#ffffff\u00a0\u00bb align=\u00a0\u00bbcenter\u00a0\u00bb link=\u00a0\u00bburl:http%3A%2F%2Fdomaineroustan.fr%2Findex.php%2Fparcours-pedagogiques%2F|||\u00a0\u00bb][\/vc_column][vc_column width=\u00a0\u00bb1\/6&Prime;][vc_btn title=\u00a0\u00bbRencontres th\u00e9matiques\u00a0\u00bb style=\u00a0\u00bboutline-custom\u00a0\u00bb outline_custom_color=\u00a0\u00bb#666666&Prime; outline_custom_hover_background=\u00a0\u00bb#666666&Prime; outline_custom_hover_text=\u00a0\u00bb#ffffff\u00a0\u00bb align=\u00a0\u00bbcenter\u00a0\u00bb link=\u00a0\u00bburl:http%3A%2F%2Fdomaineroustan.fr%2Findex.php%2Frencontres-thematiques%2F|||\u00a0\u00bb][\/vc_column][vc_column width=\u00a0\u00bb1\/6&Prime;][vc_btn title=\u00a0\u00bbS\u00e9minaires professionnels\u00a0\u00bb style=\u00a0\u00bboutline-custom\u00a0\u00bb outline_custom_color=\u00a0\u00bb#666666&Prime; outline_custom_hover_background=\u00a0\u00bb#666666&Prime; outline_custom_hover_text=\u00a0\u00bb#ffffff\u00a0\u00bb align=\u00a0\u00bbcenter\u00a0\u00bb link=\u00a0\u00bburl:http%3A%2F%2Fdomaineroustan.fr%2Findex.php%2Fseminaires-professionnels%2F|||\u00a0\u00bb][\/vc_column][\/vc_row]<\/p>\n<\/div>","protected":false},"excerpt":{"rendered":"[vc_row][vc_column][vc_tta_tabs style=\u00a0\u00bbmodern\u00a0\u00bb gap=\u00a0\u00bb10&Prime; alignment=\u00a0\u00bbcenter\u00a0\u00bb active_section=\u00a0\u00bb1&Prime;][vc_tta_section title=\u00a0\u00bbAnniversaires\u00a0\u00bb tab_id=\u00a0\u00bb1528578907635-ef44cf86-842e\u00a0\u00bb][vc_row_inner][vc_column_inner el_class=\u00a0\u00bbBapt\u00eames &amp; Communions\u00a0\u00bb width=\u00a0\u00bb1\/3&Prime;][vc_single_image image=\u00a0\u00bb736&Prime; img_size=\u00a0\u00bbfull\u00a0\u00bb][\/vc_column_inner][vc_column_inner width=\u00a0\u00bb2\/3&Prime;][vc_column_text]Vous souhaitez organiser un anniversaire \u00ab\u00a0nature\u00a0\u00bb \u00e0 votre enfant ? Nous vous proposons un go\u00fbter d\u2019anniversaire sur-mesure avec des ateliers vari\u00e9s en fonction de ses go\u00fbts, son \u00e2ge et du nombre d\u2019invit\u00e9s. Vous voulez f\u00eater votre propre anniversaire mais vous avez envie [&hellip;]","protected":false},"author":1,"featured_media":0,"parent":0,"menu_order":0,"comment_status":"closed","ping_status":"closed","template":"","meta":{"_et_pb_use_builder":"","_et_pb_old_content":"","_et_gb_content_width":"","_exactmetrics_skip_tracking":false,"_exactmetrics_sitenote_active":false,"_exactmetrics_sitenote_note":"","_exactmetrics_sitenote_category":0,"footnotes":""},"class_list":["post-698","page","type-page","status-publish","hentry"],"_links":{"self":[{"href":"https:\/\/domaineroustan.fr\/index.php\/wp-json\/wp\/v2\/pages\/698","targetHints":{"allow":["GET"]}}],"collection":[{"href":"https:\/\/domaineroustan.fr\/index.php\/wp-json\/wp\/v2\/pages"}],"about":[{"href":"https:\/\/domaineroustan.fr\/index.php\/wp-json\/wp\/v2\/types\/page"}],"author":[{"embeddable":true,"href":"https:\/\/domaineroustan.fr\/index.php\/wp-json\/wp\/v2\/users\/1"}],"replies":[{"embeddable":true,"href":"https:\/\/domaineroustan.fr\/index.php\/wp-json\/wp\/v2\/comments?post=698"}],"version-history":[{"count":30,"href":"https:\/\/domaineroustan.fr\/index.php\/wp-json\/wp\/v2\/pages\/698\/revisions"}],"predecessor-version":[{"id":905,"href":"https:\/\/domaineroustan.fr\/index.php\/wp-json\/wp\/v2\/pages\/698\/revisions\/905"}],"wp:attachment":[{"href":"https:\/\/domaineroustan.fr\/index.php\/wp-json\/wp\/v2\/media?parent=698"}],"curies":[{"name":"wp","href":"https:\/\/api.w.org\/{rel}","templated":true}]}}